 tens digit of t?
4
Suppose 6*o - 12 = -0*o. Suppose -2*z - 4*k + 138 = 0, o*z + k - 135 = -2*k. What is the units digit of z?
3
Let x(i) = 77*i - 36. What is the tens digit of x(3)?
9
Let b be (-11)/(-5) + (-9)/45. Let w be b + (-2 - -5) + -2. Suppose -w*c - 3*u + 111 = 0, 5*c + 6*u - 176 = 4*u. What is the units digit of c?
4
Let a = -27 - -30. Suppose -a = 3*n - 9. Suppose -j + 49 = -n. What is the tens digit of j?
5
Let p(v) = v**3 + 10*v**2 - 5*v - 2. Let n be p(-8). Let t = n - 92. What is the tens digit of t?
7
Let a be (-1 - -2)*-1 + -68. Let o = a + 16. What is the units digit of 8/44 + o/(-11)?
5
Let u(t) = -t**3 - 9*t**2 + 4*t + 1. Let j be u(-9). Let c = 60 + j. Suppose 2*q + v - 17 = 12, c = -5*v. What is the tens digit of q?
1
Suppose -r = -125 + 63. What is the tens digit of r?
6
Suppose 36 = 5*g - 484. Suppose -o + 144 = -4*j - 0*j, 0 = o + 4*j - g. What is the units digit of o?
4
Suppose r = -3*v + 3413, -6*v - 5*r - 2298 = -8*v. What is the tens digit of v?
3
Let h be (-1 + 5 - 4)/1. Let f = 7 - 10. What is the units digit of 14/(f/(h + -3))?
4
Suppose 4*u - 180 = -102*a + 98*a, -2*a = 5*u - 84. What is the units digit of a?
7
Suppose -4*m + 1662 + 10054 = 0. What is the units digit of m?
9
Suppose 40*l - 20043 = 94157. What is the hundreds digit of l?
8
Let i = -7 - -11. Suppose 780 = i*b - 4*p, -3*b + 5*p + 281 = -302. What is the units digit of b?
6
Let q(n) be the second derivative of n**4/12 + n**3/2 - n**2 - 14*n. Suppose -4*u - 24 = 2*a, 0*a = 3*a + u + 21. What is the units digit of q(a)?
6
Let m be 1 - (3*(-4)/12 + 2). Suppose -3*w + m*w = -183. What is the units digit of w?
1
Let h = -90 - -280. What is the hundreds digit of h?
1
Suppose -r + 4 = 2*a, 5*a - 4*a - 20 = -2*r. Let w = r + -2. Let y = 15 - w. What is the units digit of y?
5
Let y = -2689 + 4533. What is the tens digit of y?
4
Suppose 0 = -18*u + 14*u + 2660. What is the units digit of u?
5
Let w be 2/7 - (-128)/(-7). Let n = w + 20. What is the units digit of n?
2
Suppose 14*i - 16*i = 174. Let q = -34 - i. What is the units digit of q?
3
Suppose -8*c + 3*c = -2005. Suppose -81 = 5*g - c. What is the units digit of g?
4
Let t = -55 + 15. Let y be 12/18 + t/(-3). What is the units digit of y/7*54/2?
4
Let q(l) = -4*l - 31. Suppose -2*k - 1 = -3*k, 69 = -5*s - k. What is the units digit of q(s)?
5
Suppose -t + 643 = -2*b + 5*b, 5*b = t + 1077. Suppose 4*z + b = 9*z. What is the tens digit of z?
4
Suppose 3*i - 3*f = 11664, -3*i = -14*f + 15*f - 11684. What is the hundreds digit of i?
8
Let l = -2377 - -6291. What is the thousands digit of l?
3
Suppose y + 5*x - x - 100 = 0, 3*y + 5*x - 265 = 0. Suppose -4*g - 4*o = g - y, -3*g + 56 = 4*o. What is the units digit of g?
2
Let n(c) = 2*c + 23. Let z be n(-7). Suppose z*g = 11*g - 536. What is the hundreds digit of g?
2
Suppose m = -3*u - 224 + 778, -2*u + 381 = 3*m. Let j = -92 + u. Let a = 138 - j. What is the tens digit of a?
4
Suppose 2*m + 3*h = 2042, h = 3*h. What is the units digit of m?
1
Suppose f + 2 + 1 = 0. Let h = 0 - f. Suppose -312 = -5*a + 2*b - 119, -a + h*b = -49. What is the units digit of a?
7
Let h be (-124 - 0) + (0 - 0). Let g = -50 - h. What is the tens digit of g?
7
Let a(w) = -w**3 - 7*w**2 - 6*w - 39. What is the hundreds digit of a(-9)?
1
Let w(b) be the third derivative of -b**4/12 + 41*b**3/3 - 13*b**2. What is the units digit of w(0)?
2
Let m = 25 - 22. Suppose -9*n = -10*n + m. What is the units digit of -70*(n + (-7)/2)?
5
Suppose -43*j + 368 = -41*j. What is the tens digit of j?
8
Let p(v) be the first derivative of -v**4/4 + 10*v**3/3 + 7*v**2/2 + 6*v + 6. What is the units digit of p(10)?
6
Let w(s) = -2*s - 21. Let n(k) = -k - 14. Let y(r) = 8*n(r) - 5*w(r). Let q be y(6). Suppose q*a - 10*a = -30. What is the units digit of a?
6
Let j = 95 - -41. Suppose -x - 5*f = -j, -2*x + 5*f = -x - 156. What is the units digit of x?
6
Let c be (4 - 7)*(-13)/3. Let o(r) = -1 + 5*r**2 - r**2 - 5*r - 3*r**2 + c. What is the tens digit of o(5)?
1
Let k be (1 + 0)/((-2)/(3 + 2273)). What is the hundreds digit of k/(-6) + (8/(-3))/(-8)?
1
Let d = 16 + -13. Let n = d - 1. What is the units digit of (-3 + (n - 3))*-1?
4
Suppose 7*u = 2*u + 10. Let y be (u/(-5))/(16/(-480)). Suppose 3*j - y = j. What is the units digit of j?
6
What is the tens digit of (5 + -444)*-2 + -4?
7
Suppose -8800 = 105*h - 115*h. What is the hundreds digit of h?
8
Let x(g) = -2*g - 8. Let f be x(-10). Suppose -3*b + f = 3. Suppose -3*o - 27 = b*d - 7*d, 3*d - 19 = 2*o. What is the units digit of d?
3
Let n(v) be the third derivative of 73*v**6/120 + v**5/60 + v**4/12 - v**3/3 - 15*v**2. What is the tens digit of n(1)?
7
Suppose 0 = -i - 4*i + 15. Suppose 3*p + 17 + 27 = q, -4*q + 116 = i*p. What is the units digit of q?
2
Let i = 7 - 13. Let k be 19/i + 13/78. What is the tens digit of 3 + (k - -5 - -9)?
1
Let b be (-18 - -26)*1/4. Suppose -g - 4*x = g - 136, 126 = b*g + 2*x. What is the tens digit of g?
5
Let j(r) = -r**2 + 4*r - 2. Let b be j(1). Suppose 3*t + 2 = -2*l - b, 3*l + 7 = -2*t. What is the tens digit of 54 + 4 + 1 + t?
6
Let g(c) = -10*c**3 - 5*c**2 - 5*c. Let a be g(-2). Let w = 115 - a. What is the units digit of w?
5
Let t(x) = 3*x - 2. Let v be t(4). Let h = -5 + 4. What is the units digit of (-8)/v*(h + -64)?
2
Let m(t) = 31*t + 3. Let i(j) = -61*j - 6. Let f(q) = -3*i(q) - 5*m(q). Let r(v) = -27*v - 2. Let n(k) = -2*f(k) - 3*r(k). What is the units digit of n(1)?
5
Suppose -14376 = 6*x - 14*x. What is the tens digit of x?
9
Suppose 2*v - 3*a - 225 = 0, v - 2*a - 230 = -v. Let h = 344 - v. What is the hundreds digit of h?
2
Suppose -y = 5*t, -3*y + 2*y = -4*t. Suppose -5*m + 20 + t = 0. Suppose 2*u + 0*d = 2*d + 10, -2*d = u + m. What is the units digit of u?
2
Let c be (-33)/(-22) + 2/4. What is the units digit of ((-1)/c)/((-4)/40)?
5
Let h be 3 + (-3 - -3) + 4. Suppose -4 = -d, -5*d + 1 + h = -3*z. What is the tens digit of 2/z + 1455/30?
4
Suppose 3*h - 8*h - 2*m + 10522 = 0, 0 = -5*h + m + 10519. What is the hundreds digit of h?
1
Suppose -5*w = -r + 1879 + 1304, r - 3183 = 3*w. What is the hundreds digit of r?
1
Let s(p) = p**3 + 3*p**2 - 3*p - 2. Let d be s(-2). Let a be (-3)/(-6) + 44/d. What is the tens digit of 27 + -3 + a/1?
3
Suppose 3*p + 22 = -5. Let r = -8 - p. What is the units digit of r?
1
Let r be 0 + 1 - (34 - 1). Let j = r - -53. Suppose -k + j = -0*k + 4*h, -2*k + 30 = 5*h. What is the units digit of k?
5
Let d(u) = -3*u - 21. Let y be d(-8). Let k(p) = -2*p**3 - 8*p**2 + 6. Let a(h) = -h**3 - h**2 + 1. Let g(w) = 3*a(w) - k(w). What is the tens digit of g(y)?
1
Suppose 4*f - j = 11, -2*f = 3*f + 4*j + 2. Let x(l) = -f*l + 35 - 3*l + 2*l**2 - 44. What is the tens digit of x(-4)?
4
Suppose 3*r + 15 = 2*u, -r - u - 2*u = 16. Let n be -2 + -4 + 8 + r. Let z(o) = -8*o - 7. What is the units digit of z(n)?
3
Suppose -4*x + 24 = 5*q - 0, 1 = x. Suppose 112 = q*d - 96. What is the units digit of (0 - (-3)/6)*d?
6
Suppose -382 - 3458 = 6*j. Let m = -435 - j. What is the tens digit of m?
0
Suppose 4919 = 20*l - 2001. What is the tens digit of l?
4
Let d be 172 - ((-4)/1 + 5). Suppose d = 3*n - 3*v, 0*n + 3*v - 317 = -5*n. What is the units digit of n?
1
Let z = -1834 + 2637. What is the hundreds digit of z?
8
Let v(t) be the third derivative of 1/6*t**3 - 13/24*t**4 + 0 - 2*t**2 + 0*t + 1/60*t**5. What is the units digit of v(13)?
1
Let z = 80 + -10. What is the units digit of (-6)/5*z/(-21)?
4
Let q(u) = u**3 - 3*u**2 - 11*u + 7. Let h be q(5). Suppose -8 = -h*b + 16. Suppose 5*d - 2*l = 60, 0*l - b = -d - 5*l. What is the units digit of d?
2
Let x = 53 - 50. Suppose x*g - 582 = -5*t, t - 2*t + 102 = -3*g. What is the tens digit of t?
1
Let c = -72 - -186. What is the hundreds digit of (28/6)/(4/c)?
1
Suppose -12*u - 4*g + 2562 = -9*u, 852 = u + 2*g. What is the units digit of u?
8
Suppose -6*z = 2*z - 3408. Let v = -180 + z. What is the hundreds digit of v?
2
What is the tens digit of 2/8 + 50011/(-312)*-6?
6
Suppose -2*c + 11*c - 5832 = 0. What is the hundreds digit of c?
6
What is the thousands digit of (-4 - (-8928)/15)/((-14)/(-35))?
1
Let q = 2125 + -1510. What is the hundreds digit of q?
6
Let i = 28 + -43. Let r = 1 + i. What is the tens digit of 5/(-40)*r*16?
2
Let i(l) b